e prime factors of 32171170.
2, 5, 79, 193, 211
List the prime factors of 290261.
29, 10009
List the prime factors of 333827.
13, 25679
What are the prime factors of 1273814?
2, 613, 1039
What are the prime factors of 97779?
3, 11, 2963
What are the prime factors of 3772517?
7, 538931
What are the prime factors of 13233?
3, 11, 401
List the prime factors of 312723.
3, 34747
List the prime factors of 1356338.
2, 678169
List the prime factors of 8284080.
2, 3, 5, 7, 4931
What are the prime factors of 2328800?
2, 5, 41, 71
List the prime factors of 1295358.
2, 3, 215893
List the prime factors of 1174905.
3, 5, 967
List the prime factors of 120952.
2, 13, 1163
What are the prime factors of 20742318?
2, 3, 61, 2099
What are the prime factors of 6667697?
31, 215087
List the prime factors of 203598.
2, 3, 11311
What are the prime factors of 5355194?
2, 13, 59, 3491
What are the prime factors of 28462305?
3, 5, 101, 18787
List the prime factors of 2481461.
2481461
List the prime factors of 1044813.
3, 7, 11, 4523
What are the prime factors of 2443331?
11, 151, 1471
What are the prime factors of 3750910?
2, 5, 375091
List the prime factors of 380077.
43, 8839
What are the prime factors of 3158371?
101, 31271
What are the prime factors of 6866074?
2, 3433037
List the prime factors of 575145.
3, 5, 12781
What are the prime factors of 1707747?
3, 569249
What are the prime factors of 213660?
2, 3, 5, 1187
List the prime factors of 315616.
2, 7, 1409
List the prime factors of 756630.
2, 3, 5, 7, 1201
What are the prime factors of 1593623?
43, 37061
What are the prime factors of 64687?
7, 9241
List the prime factors of 94460.
2, 5, 4723
What are the prime factors of 158682?
2, 3, 53, 499
List the prime factors of 1903928.
2, 13, 18307
List the prime factors of 307667.
19, 16193
List the prime factors of 11409544.
2, 233, 6121
List the prime factors of 3485.
5, 17, 41
What are the prime factors of 14546174?
2, 7273087
List the prime factors of 2040680.
2, 5, 17, 3001
What are the prime factors of 1695176?
2, 7, 30271
What are the prime factors of 376335?
3, 5, 8363
List the prime factors of 110064.
2, 3, 2293
List the prime factors of 693028.
2, 7, 53, 467
List the prime factors of 134363.
134363
What are the prime factors of 1718978?
2, 47, 18287
What are the prime factors of 446279?
446279
List the prime factors of 165862.
2, 127, 653
List the prime factors of 564810.
2, 3, 5, 67, 281
List the prime factors of 5241703.
131, 40013
List the prime factors of 3260931.
3, 53, 20509
What are the prime factors of 174705?
3, 5, 19, 613
What are the prime factors of 6990172?
2, 7, 41, 6089
What are the prime factors of 11569370?
2, 5, 53, 83, 263
List the prime factors of 4369790.
2, 5, 436979
What are the prime factors of 5309381?
7, 11, 53, 1301
What are the prime factors of 5941768?
2, 7, 106103
What are the prime factors of 9326610?
2, 3, 5, 34543
List the prime factors of 2968.
2, 7, 53
What are the prime factors of 3067610?
2, 5, 7, 13, 3371
What are the prime factors of 507697?
507697
What are the prime factors of 4403852?
2, 127, 8669
What are the prime factors of 3355726?
2, 11, 152533
List the prime factors of 953441.
631, 1511
List the prime factors of 238346.
2, 119173
What are the prime factors of 261808?
2, 16363
What are the prime factors of 3316776?
2, 3, 113, 1223
List the prime factors of 3609522.
2, 3, 7, 1061
List the prime factors of 8392.
2, 1049
List the prime factors of 206736.
2, 3, 59, 73
List the prime factors of 284037.
3, 13, 7283
What are the prime factors of 950213?
11, 7853
List the prime factors of 1190787.
3, 13, 19, 1607
List the prime factors of 2187736.
2, 19, 37, 389
List the prime factors of 702924.
2, 3, 19, 3083
List the prime factors of 888814.
2, 37, 12011
List the prime factors of 2432667.
3, 229, 3541
List the prime factors of 15070713.
3, 7, 717653
What are the prime factors of 5578277?
5578277
List the prime factors of 4044165.
3, 5, 53, 5087
List the prime factors of 335427.
3, 17, 6577
List the prime factors of 3348737.
7, 478391
List the prime factors of 969930.
2, 3, 5, 13, 829
List the prime factors of 433662.
2, 3, 72277
List the prime factors of 8864809.
59, 347, 433
List the prime factors of 215050.
2, 5, 11, 17, 23
What are the prime factors of 4104737?
7, 13, 43, 1049
What are the prime factors of 422?
2, 211
List the prime factors of 112786.
2, 56393
List the prime factors of 3502986.
2, 3, 17, 61, 563
What are the prime factors of 2937?
3, 11, 89
List the prime factors of 5345018.
2, 7, 54541
What are the prime factors of 1258773?
3, 419591
What are the prime factors of 7629572?
2, 157, 12149
List the prime factors of 19576373.
601, 32573
What are the prime factors of 2368753?
47, 101, 499
List the prime factors of 13894493.
13894493
What are the prime factors of 843018?
2, 3, 11, 53, 241
List the prime factors of 670482.
2, 3, 193
List the prime factors of 31036675.
5, 1241467
List the prime factors of 3944797.
103, 38299
What are the prime factors of 1539257?
1539257
List the prime factors of 16575946.
2, 2729, 3037
What are the prime factors of 333853?
13, 61, 421
What are the prime factors of 147337?
251, 587
What are the prime factors of 12909684?
2, 3, 1075807
What are the prime factors of 159529?
29, 5501
What are the prime factors of 4124805?
3, 5, 19, 41, 353
List the prime factors of 242029.
17, 23, 619
What are the prime factors of 201112?
2, 23, 1093
What are the prime factors of 3136609?
7, 163, 2749
What are the prime factors of 87364?
2, 21841
List the prime factors of 446757.
3, 137, 1087
What are the prime factors of 355289?
11, 32299
What are the prime factors of 7680486?
2, 3, 11, 116371
What are the prime factors of 3969519?
3, 31, 42683
List the prime factors of 93118.
2, 46559
List the prime factors of 321384.
2, 3, 7, 1913
List the prime factors of 916607.
131, 6997
List the prime factors of 6370952.
2, 7, 29, 3923
What are the prime factors of 23648264?
2, 2956033
What are the prime factors of 4912815?
3, 5, 193, 1697
List the prime factors of 6046393.
41, 89, 1657
List the prime factors of 485491.
31, 15661
List the prime factors of 21192693.
3, 17, 415543
List the prime factors of 1075917.
3, 23, 31, 503
List the prime factors of 5203577.
5203577
List the prime factors of 1208343.
3, 17, 19, 29, 43
What are the prime factors of 1204780?
2, 5, 59, 1021
List the prime factors of 3418017.
3, 607, 1877
What are the prime factors of 700200?
2, 3, 5, 389
What are the prime factors of 1780467?
3, 13, 71, 643
What are the prime factors of 2745060?
2, 3, 5, 45751
List the prime factors of 4629776.
2, 289361
What are the prime factors of 4064073?
3, 13, 104207
List the prime factors of 1273258.
2, 7, 90947
List the prime factors of 108375.
3, 5, 17
What are the prime factors of 19180874?
2, 37, 259201
List the prime factors of 385119.
3, 7, 6113
List the prime factors of 11252759.
7, 17, 94561
What are the prime factors of 163464?
2, 3, 7, 139
What are the prime factors of 380866?
2, 31, 6143
List the prime factors of 5421060.
2, 3, 5, 10039
What are the prime factors of 3446831?
1747, 1973
List the prime factors of 4028482.
2, 1297, 1553
What are the prime factors of 252659?
11, 103, 223
What are the prime factors of 132569?
43, 3083
List the prime factors of 240222.
2, 3, 40037
What are the prime factors of 2663674?
2, 13, 53, 1933
List the prime factors of 2525176.
2, 19, 37, 449
List the prime factors of 1391021.
547, 2543
List the prime factors of 759108.
2, 3, 7, 1291
What are the prime factors of 1063110?
2, 3, 5, 35437
What are the prime factors of 11297764?
2, 31, 179, 509
What are the prime factors of 1544331?
3, 17, 107, 283
What are the prime factors of 744524?
2, 11, 16921
List the prime factors of 469562.
2, 234781
List the prime factors of 1329586.
2, 664793
List the prime factors of 1155154.
2, 7, 11, 13, 577
What are the prime factors of 1856799?
3, 7, 29473
What are the prime factors of 280088?
2, 157, 223
What are the prime factors of 6805539?
3, 13, 23, 281
What are the prime factors of 2793404?
2, 317, 2203
List the prime factors of 269951.
11, 23, 97
What are the prime factors of 3381315?
3, 5, 7, 32203
What are the prime factors of 111615?
3, 5, 7, 1063
What are th